 12, what is -360 - 5a1?
-941
In base 12, what is -3965 - 0?
-3965
In base 5, what is -4 + 1120402?
1120343
In base 7, what is -16 - -4604541?
4604522
In base 4, what is 311022 - -202?
311230
In base 16, what is 0 - -8ca6?
8ca6
In base 6, what is -2 - 52103?
-52105
In base 6, what is -3144505 + 1?
-3144504
In base 15, what is -8e + -133?
-1c2
In base 5, what is 400 + 1143?
2043
In base 14, what is -7b - b1?
-14c
In base 6, what is -4 - -3454542?
3454534
In base 11, what is -2 + -150507?
-150509
In base 4, what is -21101210 + -2?
-21101212
In base 13, what is 3 - -3453c?
34542
In base 9, what is 3334 - -2?
3336
In base 9, what is -31553 + 1?
-31552
In base 6, what is -351 - 33132?
-33523
In base 13, what is -5 - -14215?
14210
In base 14, what is 1a7129 - -2?
1a712b
In base 5, what is 10 + 14203422?
14203432
In base 16, what is -16 - 53?
-69
In base 6, what is -2133001 - 10?
-2133011
In base 2, what is -11010011101100 + 11?
-11010011101001
In base 4, what is -2200331 - -10?
-2200321
In base 7, what is -12413 + 615?
-11465
In base 3, what is -11201010 + -1201?
-11202211
In base 7, what is -23 + -140606?
-140632
In base 7, what is -3122264 + 2?
-3122262
In base 11, what is -32750 + -4?
-32754
In base 13, what is c8 + -b3?
15
In base 14, what is 1 - -1c1274?
1c1275
In base 3, what is -2201 - -221010?
211102
In base 10, what is 9 + -85?
-76
In base 7, what is -13 + -31611?
-31624
In base 15, what is -1 - -d7?
d6
In base 2, what is 1110000100000111001 - 0?
1110000100000111001
In base 16, what is 1 + 86d?
86e
In base 13, what is 1cc + 1076?
1275
In base 6, what is 11342 + -12?
11330
In base 3, what is -1112 + 1200110021?
1200101202
In base 10, what is 13 - -427?
440
In base 16, what is -24b + 97?
-1b4
In base 9, what is 7841 - 30?
7811
In base 14, what is -c + a6a?
a5c
In base 8, what is 152 + 26676?
27050
In base 7, what is -1240 - -4156?
2616
In base 11, what is -130 + 8842?
8712
In base 3, what is 20200210110 - -12?
20200210122
In base 4, what is 1 + -2332321?
-2332320
In base 8, what is 4041672 + -1?
4041671
In base 9, what is 467622 - 6?
467615
In base 7, what is 1 - -146310?
146311
In base 15, what is aad9 - 5?
aad4
In base 6, what is 320 - -101?
421
In base 3, what is 12 - -112020210021?
112020210110
In base 5, what is -301241 + 12?
-301224
In base 5, what is -12 - -33121323?
33121311
In base 7, what is 20605 + -1514?
16061
In base 3, what is 2 - 2110200021?
-2110200012
In base 3, what is -2 - 202111002?
-202111011
In base 13, what is 1 + -6289?
-6288
In base 6, what is 5 + -404013?
-404004
In base 16, what is 5 - -12ef1?
12ef6
In base 9, what is -6 + 27204?
27187
In base 12, what is -5 + -332?
-337
In base 4, what is 0 + -130113103?
-130113103
In base 7, what is -6335 - 100?
-6435
In base 5, what is -2034424 - 0?
-2034424
In base 14, what is 7 + 2485?
248c
In base 2, what is 110000 - 110000001010?
-101111011010
In base 10, what is 151912 + 3?
151915
In base 9, what is 75204 - 3?
75201
In base 8, what is 6 - -2116?
2124
In base 12, what is -122 + 1213?
10b1
In base 13, what is 7b - -74a?
7c8
In base 12, what is -696 - b2?
-788
In base 13, what is -848b5 + -1?
-848b6
In base 8, what is 2 - -45056?
45060
In base 10, what is 1302 + 206?
1508
In base 12, what is 9 - 2b8629?
-2b8620
In base 13, what is 35 - 16b3b?
-16b06
In base 7, what is -13012554 - 0?
-13012554
In base 10, what is 38951 - 1?
38950
In base 2, what is 10001110010 + 101011?
10010011101
In base 9, what is 5 + 318111?
318116
In base 3, what is -121011 - -101210?
-12101
In base 8, what is 75 + -7477?
-7402
In base 3, what is 110012 + 10?
110022
In base 4, what is -20111 + 203232?
123121
In base 8, what is 14 - -575172?
575206
In base 15, what is 4e + 1423?
1472
In base 12, what is -2 + -4b16?
-4b18
In base 7, what is -16 - -3462104?
3462055
In base 7, what is 50125 - -3?
50131
In base 2, what is 10000010 + -111101?
1000101
In base 8, what is -3031363 + 5?
-3031356
In base 4, what is 123 + -1102021?
-1101232
In base 2, what is 111110 - -1010000100?
1011000010
In base 3, what is 110220021 - 10122?
110202122
In base 14, what is 13 - 4a43?
-4a30
In base 4, what is -33013 + 11?
-33002
In base 7, what is 2 - -2515322?
2515324
In base 15, what is -550 + 65?
-4da
In base 11, what is 41532 - 9?
41524
In base 15, what is -2dbc4 + 3?
-2dbc1
In base 15, what is 4 + -20115?
-20111
In base 14, what is 14bac3 + -5?
14babc
In base 11, what is -4 - 3489?
-3492
In base 12, what is -2 - 1b7113?
-1b7115
In base 8, what is 5545 - 13?
5532
In base 10, what is -1497 - 65?
-1562
In base 16, what is -14 + -65da?
-65ee
In base 5, what is -4 - 4034421?
-4034430
In base 3, what is -1 + -10102220010?
-10102220011
In base 16, what is 4 - -2f4c?
2f50
In base 3, what is -1022110100 + 2220?
-1022100110
In base 3, what is -211201021200 + 10?
-211201021120
In base 15, what is 1 + -7789?
-7788
In base 4, what is 2 - 3002001300?
-3002001232
In base 13, what is -12c00 + -2?
-12c02
In base 4, what is 2 + 130331302?
130331310
In base 9, what is -1212267 - 4?
-1212272
In base 11, what is -32394 - 2?
-32396
In base 12, what is 69a + -9?
691
In base 10, what is -1 - 984983?
-984984
In base 15, what is -8b + 81?
-a
In base 2, what is -110010101011111 - 1001?
-110010101101000
In base 11, what is 45871 - 55?
45817
In base 5, what is -1411441 - 21?
-1412012
In base 15, what is 1be3e1 + 5?
1be3e6
In base 13, what is 1acb - -1a6?
1ca4
In base 6, what is -1304 + 44?
-1220
In base 3, what is 12202 + -20022222?
-20010020
In base 9, what is -43 + -112633?
-112676
In base 13, what is 655 + -615?
40
In base 9, what is 111 + -142?
-31
In base 10, what is 10 + -366649?
-366639
In base 9, what is 210 + -1702?
-1482
In base 6, what is 503550 - -1?
503551
In base 16, what is -219f + 35?
-216a
In base 5, what is 4 + 340034?
340043
In base 12, what is -1ab9a3 - 4?
-1ab9a7
In base 10, what is -7 - 64589?
-64596
In base 15, what is 33 + -65?
-32
In base 7, what is 0 + 13016?
13016
In base 5, what is 24000 - 212?
23233
In base 10, what is -3474 + 1?
-3473
In base 3, what is -1101010 - 10?
-1101020
In base 9, what is -152 - -8052?
7800
In base 15, what is 11a + a27?
b42
In base 6, what is 11 - -215422?
215433
In base 4, what is -101000 - -1103?
-33231
In base 10, what is 24252 - -8?
24260
In base 6, what is -32332401 - -1?
-32332400
In base 7, what is -306 + 2222?
1613
In base 12, what is 2 + -3b0a4?
-3b0a2
In base 15, what is 1d228 - 0?
1d228
In base 12, what is 3a3669 - 4?
3a3665
In base 14, what is c73 - 36?
c3b
In base 11, what is -8 - 17460?
-17468
In base 2, what is 11000 - 1111010?
-1100010
In base 14, what is 60a - 7a?
570
In base 10, what is -8 - 131231?
-131239
In base 7, what is 240344 - -2?
240346
In base 5, what is 101 + 21211?
21312
In base 5, what is -3 - -422011?
422003
In base 13, what is 2 + -11188?
-11186
In base 9, what is -3 + -1565?
-1568
In base 15, what is -cdd8 + -b?
-cde4
In base 5, what is -4 + -142244333?
-142244342
In base 11, what is 488 - 1a?
469
In base 4, what is -22 + 100010332?
100010310
In base 5, what is -243134 - -2224?
-240410
In base 6, what is 202142 + -34?
202104
In base 13, what is 4ca69 - 0?
4ca69
In base 14, what is 31 + b77?
ba8
In base 2, what is -111101001 + 11010100110?
10010111101
In base 4, what is -20120 - -221203?
201023
In base 10, what is 64894 + 9?
64903
In base 4, what is -1322303 - 2?
-1322311
In base 6, what is -24 - -45110?
45042
In base 2, what is 10010101010 + 100?
10010101110
In base 15, what is -db + b4?
-27
In base 5, what is 2 + 12311114?
12311121
In base 4, what is 333113 - -20?
333133
In base 14, what is -1109a - -15?
-11085
In base 13, what is -52 + 1952?
1900
In base 16, what is -1d + -1305?
-1322
In base 3, what is 2012200121 - 100?
2012200021
In base 10, what is 14 - -13837?
13851
In base 12, what is 269 - 2?
267
In base 14, what is 1529 - 8?
1521
In base 4, what is 11 + -2330310?
-2330233
In base 12, what is -72852 + 3?
-7284b
In base 3, what is 12 + 1022001222?
1022002011
In base 10, what is -1 + 87?
86
In base 15, what is e7c9e + 1?
e7ca0
In base 11, what is -388469 + 5?
-388464
In base 5, what is -30024 - -2?
-30022
In base 12, what is -1b1a9 - -9?
-1b1a0
In base 2, what is -100 + 100111100001101?
100111100001001
In base 16, what is 8c - bad?
-b21
In base 15, what is -96